en 1117 is divided by 19.
15
What is the remainder when 199 is divided by 22?
1
What is the remainder when 2394 is divided by 797?
3
What is the remainder when 586 is divided by 49?
47
What is the remainder when 1707 is divided by 15?
12
Calculate the remainder when 40 is divided by 27.
13
Calculate the remainder when 315 is divided by 75.
15
Calculate the remainder when 155 is divided by 17.
2
What is the remainder when 3523 is divided by 21?
16
Calculate the remainder when 2033 is divided by 136.
129
What is the remainder when 176 is divided by 169?
7
What is the remainder when 496 is divided by 141?
73
Calculate the remainder when 6329 is divided by 42.
29
What is the remainder when 158 is divided by 32?
30
Calculate the remainder when 99 is divided by 17.
14
Calculate the remainder when 229 is divided by 125.
104
Calculate the remainder when 778 is divided by 15.
13
Calculate the remainder when 36 is divided by 12.
0
What is the remainder when 1340 is divided by 8?
4
Calculate the remainder when 495 is divided by 157.
24
Calculate the remainder when 187 is divided by 64.
59
What is the remainder when 52 is divided by 23?
6
What is the remainder when 26 is divided by 10?
6
Calculate the remainder when 67 is divided by 37.
30
Calculate the remainder when 647 is divided by 357.
290
Calculate the remainder when 629 is divided by 79.
76
Calculate the remainder when 30 is divided by 9.
3
What is the remainder when 543 is divided by 32?
31
Calculate the remainder when 45 is divided by 3.
0
What is the remainder when 16199 is divided by 270?
269
Calculate the remainder when 98 is divided by 30.
8
What is the remainder when 985 is divided by 91?
75
What is the remainder when 184 is divided by 31?
29
What is the remainder when 135 is divided by 71?
64
What is the remainder when 420 is divided by 47?
44
Calculate the remainder when 15639 is divided by 92.
91
Calculate the remainder when 64 is divided by 11.
9
What is the remainder when 2403 is divided by 725?
228
Calculate the remainder when 6230 is divided by 17.
8
What is the remainder when 277 is divided by 75?
52
What is the remainder when 115 is divided by 59?
56
What is the remainder when 1985 is divided by 20?
5
What is the remainder when 4946 is divided by 28?
18
Calculate the remainder when 363 is divided by 94.
81
What is the remainder when 336 is divided by 232?
104
What is the remainder when 7801 is divided by 128?
121
Calculate the remainder when 2912 is divided by 1445.
22
What is the remainder when 78 is divided by 14?
8
What is the remainder when 770 is divided by 372?
26
What is the remainder when 364 is divided by 350?
14
Calculate the remainder when 196 is divided by 9.
7
What is the remainder when 30 is divided by 2?
0
What is the remainder when 22889 is divided by 11?
9
Calculate the remainder when 1002 is divided by 36.
30
What is the remainder when 104 is divided by 32?
8
Calculate the remainder when 856 is divided by 302.
252
What is the remainder when 87 is divided by 39?
9
Calculate the remainder when 4308 is divided by 1076.
4
What is the remainder when 185 is divided by 32?
25
Calculate the remainder when 109 is divided by 37.
35
Calculate the remainder when 346 is divided by 172.
2
What is the remainder when 143 is divided by 38?
29
Calculate the remainder when 1535 is divided by 489.
68
What is the remainder when 68 is divided by 18?
14
Calculate the remainder when 1410 is divided by 101.
97
What is the remainder when 102 is divided by 35?
32
Calculate the remainder when 1282 is divided by 9.
4
Calculate the remainder when 2598 is divided by 51.
48
What is the remainder when 511 is divided by 137?
100
Calculate the remainder when 110 is divided by 19.
15
Calculate the remainder when 36 is divided by 27.
9
What is the remainder when 837 is divided by 210?
207
Calculate the remainder when 496 is divided by 15.
1
Calculate the remainder when 19 is divided by 3.
1
What is the remainder when 316 is divided by 17?
10
Calculate the remainder when 611 is divided by 34.
33
Calculate the remainder when 43 is divided by 12.
7
Calculate the remainder when 144 is divided by 64.
16
Calculate the remainder when 167 is divided by 19.
15
Calculate the remainder when 261 is divided by 67.
60
Calculate the remainder when 3362 is divided by 3351.
11
Calculate the remainder when 367 is divided by 31.
26
Calculate the remainder when 401 is divided by 8.
1
Calculate the remainder when 151 is divided by 20.
11
Calculate the remainder when 226 is divided by 8.
2
Calculate the remainder when 236 is divided by 233.
3
Calculate the remainder when 2016 is divided by 92.
84
Calculate the remainder when 54 is divided by 3.
0
Calculate the remainder when 1617 is divided by 90.
87
Calculate the remainder when 621 is divided by 89.
87
What is the remainder when 1221 is divided by 195?
51
What is the remainder when 1595 is divided by 232?
203
Calculate the remainder when 2343 is divided by 2336.
7
What is the remainder when 223 is divided by 9?
7
Calculate the remainder when 442 is divided by 252.
190
Calculate the remainder when 7564 is divided by 44.
40
What is the remainder when 470 is divided by 40?
30
What is the remainder when 1514 is divided by 22?
18
Calculate the remainder when 5393 is divided by 38.
35
Calculate the remainder when 295 is divided by 79.
58
What is the remainder when 174 is divided by 31?
19
Calculate the remainder when 1000 is divided by 348.
304
Calculate the remainder when 237 is divided by 67.
36
What is the remainder when 138 is divided by 44?
6
Calculate the remainder when 555 is divided by 51.
45
Calculate the remainder when 671 is divided by 41.
15
What is the remainder when 194 is divided by 4?
2
Calculate the remainder when 607 is divided by 102.
97
Calculate the remainder when 5166 is divided by 55.
51
What is the remainder when 340 is divided by 8?
4
What is the remainder when 3533 is divided by 31?
30
What is the remainder when 183 is divided by 28?
15
Calculate the remainder when 209 is divided by 15.
14
What is the remainder when 29357 is divided by 16?
13
Calculate the remainder when 18885 is divided by 11.
9
Calculate the remainder when 326 is divided by 33.
29
What is the remainder when 230 is divided by 26?
22
What is the remainder when 313 is divided by 56?
33
What is the remainder when 325 is divided by 6?
1
Calculate the remainder when 1385 is divided by 177.
146
Calculate the remainder when 627 is divided by 76.
19
What is the remainder when 2239 is divided by 9?
7
Calculate the remainder when 48 is divided by 11.
4
What is the remainder when 895 is divided by 176?
15
What is the remainder when 936 is divided by 114?
24
What is the remainder when 209 is divided by 32?
17
What is the remainder when 67 is divided by 18?
13
What is the remainder when 4022 is divided by 59?
10
Calculate the remainder when 131 is divided by 66.
65
Calculate the remainder when 813 is divided by 51.
48
Calculate the remainder when 80 is divided by 28.
24
What is the remainder when 103 is divided by 13?
12
What is the remainder when 84 is divided by 42?
0
Calculate the remainder when 106 is divided by 50.
6
Calculate the remainder when 50 is divided by 24.
2
Calculate the remainder when 121 is divided by 34.
19
What is the remainder when 463 is divided by 89?
18
What is the remainder when 167 is divided by 5?
2
What is the remainder when 998 is divided by 13?
10
What is the remainder when 100 is divided by 50?
0
Calculate the remainder when 2655 is divided by 16.
15
Calculate the remainder when 228 is divided by 115.
113
What is the remainder when 717 is divided by 20?
17
Calculate the remainder when 429 is divided by 76.
49
Calculate the remainder when 875 is divided by 126.
119
Calculate the remainder when 2251 is divided by 49.
46
Calculate the remainder when 524 is divided by 163.
35
What is the remainder when 1187 is divided by 70?
67
Calculate the remainder when 90 is divided by 14.
6
Calculate the remainder when 17098 is divided by 60.
58
Calculate the remainder when 500 is divided by 28.
24
Calculate the remainder when 141 is divided by 134.
7
What is the remainder when 634 is divided by 26?
10
Calculate the remainder when 239 is divided by 104.
31
Calculate the remaind